2127 is divided by 4151?
3631
Calculate the remainder when 10361 is divided by 10345.
16
What is the remainder when 22061310 is divided by 127?
13
Calculate the remainder when 106576 is divided by 627.
613
What is the remainder when 2275291 is divided by 568738?
339
Calculate the remainder when 3619952 is divided by 689.
635
What is the remainder when 102742 is divided by 9?
7
What is the remainder when 540872 is divided by 4545?
17
What is the remainder when 870306 is divided by 2619?
798
Calculate the remainder when 1520468 is divided by 16175.
18
What is the remainder when 1088333 is divided by 1575?
8
What is the remainder when 838517 is divided by 82?
67
Calculate the remainder when 220404 is divided by 1900.
4
Calculate the remainder when 537644 is divided by 14933.
56
Calculate the remainder when 35332917 is divided by 56.
53
Calculate the remainder when 217835 is divided by 1433.
19
Calculate the remainder when 4933097 is divided by 25.
22
What is the remainder when 2018241 is divided by 504541?
77
What is the remainder when 38568 is divided by 1051?
732
Calculate the remainder when 252105 is divided by 31508.
41
Calculate the remainder when 1309757 is divided by 1019.
342
Calculate the remainder when 85726 is divided by 20381.
4202
Calculate the remainder when 26489874 is divided by 2204.
2202
What is the remainder when 41867 is divided by 41690?
177
What is the remainder when 2772686 is divided by 396089?
63
What is the remainder when 75061379 is divided by 23?
5
What is the remainder when 2716171 is divided by 533?
3
What is the remainder when 2546239 is divided by 2585?
14
Calculate the remainder when 19661791 is divided by 1598.
1597
What is the remainder when 266223 is divided by 20443?
464
What is the remainder when 5531503 is divided by 9?
4
What is the remainder when 2177299 is divided by 362881?
13
What is the remainder when 1079491 is divided by 16343?
853
Calculate the remainder when 70250 is divided by 2217.
1523
Calculate the remainder when 6006243 is divided by 3096.
3
Calculate the remainder when 14671987 is divided by 320.
307
Calculate the remainder when 17191 is divided by 2902.
2681
What is the remainder when 3005491 is divided by 1502342?
807
Calculate the remainder when 50306614 is divided by 138.
94
What is the remainder when 6292427 is divided by 794?
771
What is the remainder when 55539 is divided by 2772?
99
What is the remainder when 338853 is divided by 338336?
517
What is the remainder when 86412 is divided by 249?
9
Calculate the remainder when 348798 is divided by 1561.
695
What is the remainder when 6505 is divided by 2841?
823
Calculate the remainder when 400325788 is divided by 8781.
8779
What is the remainder when 75600 is divided by 1495?
850
What is the remainder when 346015 is divided by 5481?
712
Calculate the remainder when 12056 is divided by 3924.
284
Calculate the remainder when 972472 is divided by 2827.
2811
What is the remainder when 20555 is divided by 3116?
1859
Calculate the remainder when 3866488 is divided by 966618.
16
Calculate the remainder when 55992072 is divided by 4.
0
Calculate the remainder when 30265829 is divided by 163599.
14
What is the remainder when 2170146 is divided by 120540?
426
What is the remainder when 61190488 is divided by 1227?
1225
Calculate the remainder when 4826272 is divided by 18.
4
Calculate the remainder when 653252 is divided by 58.
56
Calculate the remainder when 337516 is divided by 84378.
4
What is the remainder when 5157948 is divided by 11696?
12
Calculate the remainder when 191595184 is divided by 1514.
1512
Calculate the remainder when 44147790 is divided by 47.
32
What is the remainder when 48474 is divided by 22809?
2856
Calculate the remainder when 384342 is divided by 40.
22
What is the remainder when 983150 is divided by 98300?
150
What is the remainder when 10248347 is divided by 22?
21
Calculate the remainder when 729887 is divided by 2128.
2111
What is the remainder when 1392637 is divided by 228?
13
Calculate the remainder when 64909134 is divided by 2796.
2790
What is the remainder when 1261546 is divided by 6711?
6589
Calculate the remainder when 79003 is divided by 526.
103
What is the remainder when 38328 is divided by 12757?
57
Calculate the remainder when 323215 is divided by 8120.
6535
Calculate the remainder when 145448 is divided by 72084.
1280
Calculate the remainder when 43647906 is divided by 29.
6
Calculate the remainder when 1248582 is divided by 40274.
88
Calculate the remainder when 1097773 is divided by 1751.
1647
What is the remainder when 264561 is divided by 88167?
60
Calculate the remainder when 1366585 is divided by 65.
25
Calculate the remainder when 2756975 is divided by 344615.
55
Calculate the remainder when 2817534 is divided by 937.
912
What is the remainder when 4497947 is divided by 2746?
2745
What is the remainder when 22345091 is divided by 17?
2
Calculate the remainder when 846257 is divided by 95.
92
Calculate the remainder when 681588 is divided by 170373.
96
What is the remainder when 2097121 is divided by 2951?
1911
What is the remainder when 566471 is divided by 33297?
422
What is the remainder when 923634 is divided by 9236?
34
Calculate the remainder when 5333100 is divided by 3238.
114
Calculate the remainder when 20600891 is divided by 52.
51
What is the remainder when 506608823 is divided by 819?
812
What is the remainder when 107031 is divided by 549?
525
Calculate the remainder when 3151683 is divided by 96.
3
Calculate the remainder when 18166939 is divided by 24.
19
What is the remainder when 57651 is divided by 56294?
1357
Calculate the remainder when 40743 is divided by 86.
65
What is the remainder when 1049927 is divided by 776?
775
What is the remainder when 917028 is divided by 83?
44
What is the remainder when 3543056 is divided by 3543025?
31
What is the remainder when 175432 is divided by 29214?
148
What is the remainder when 72955 is divided by 250?
205
What is the remainder when 2718143 is divided by 242?
241
Calculate the remainder when 91748589 is divided by 4743.
4740
Calculate the remainder when 30200 is divided by 9708.
1076
What is the remainder when 8818417 is divided by 27?
1
Calculate the remainder when 77419 is divided by 1218.
685
Calculate the remainder when 3856762 is divided by 428528.
10
What is the remainder when 745966 is divided by 248?
230
Calculate the remainder when 104618 is divided by 1468.
390
Calculate the remainder when 24278930 is divided by 7.
4
What is the remainder when 25879707 is divided by 5?
2
What is the remainder when 1038550 is divided by 51?
37
Calculate the remainder when 8634422 is divided by 536.
534
What is the remainder when 4868576 is divided by 202844?
320
Calculate the remainder when 88466 is divided by 3.
2
What is the remainder when 240253 is divided by 30029?
21
Calculate the remainder when 64705 is divided by 3817.
3633
What is the remainder when 19652298 is divided by 29?
13
Calculate the remainder when 16093960 is divided by 5364653.
1
Calculate the remainder when 781866 is divided by 390896.
74
What is the remainder when 12954427 is divided by 2606?
1
Calculate the remainder when 62390 is divided by 415.
140
What is the remainder when 4059794 is divided by 13443?
8
Calculate the remainder when 25036 is divided by 3934.
1432
Calculate the remainder when 130603 is divided by 2665.
18
Calculate the remainder when 1736776 is divided by 7060.
16
Calculate the remainder when 692639 is divided by 322.
17
Calculate the remainder when 7681193 is divided by 17577.
44
What is the remainder when 866605 is divided by 1311?
34
Calculate the remainder when 15147299 is divided by 726.
35
Calculate the remainder when 17434421 is divided by 4156.
1
Calculate the remainder when 317384 is divided by 78823.
2092
What is the remainder when 45184486 is divided by 283?
140
Calculate the remainder when 217642 is divided by 2722.
2604
Calculate the remainder when 1771404 is divided by 44285.
4
What is the remainder when 516463 is divided by 1467?
79
Calculate the remainder when 144236 is divided by 47955.
371
Calculate the remainder when 8139821 is divided by 189298.
7
Calculate the remainder when 5606348 is divided by 311.
262
Calculate the remaind